git of t?
5
What is the tens digit of (18 - (12 + 2)) + 493 + 1?
9
What is the tens digit of (4 + -10)*(-14 - -7)?
4
Let v(u) = 2*u - 20. Let h be v(13). Let d = 80 - 130. What is the tens digit of (d/(-4))/(3/h)?
2
Suppose -3*x + 816 = 5*v, -30*x + 33*x - 5*v - 786 = 0. What is the units digit of x?
7
Suppose -5*i - 3*m + 34 = -0*i, 5*i = 4*m + 48. Let y = 19 - i. What is the tens digit of y?
1
Let i = 43 + -36. Let y = i + 1. What is the units digit of y?
8
Let h be 2/16 - (-2625)/56. Let n = 103 - h. What is the units digit of n?
6
Suppose 3*o - d + 6*d + 41 = 0, -5*o - 15 = -5*d. Let u(k) = -k**3 - 5*k**2 + 9*k + 15. Let x be u(o). Suppose r + 4*r = x. What is the tens digit of r?
1
Let x = -121 + 105. Let d(a) = 5*a - 3. Let l be d(7). Let n = x + l. What is the units digit of n?
6
Let x(i) = -i**3 - i**2 + 1. Let v be x(3). Let l(z) = 6*z**3 - 2*z**2 - 2*z + 2. Let t be l(-2). Let o = v - t. What is the units digit of o?
5
Let a(h) = -h**2 + 41*h + 44. What is the units digit of a(27)?
2
Let o(y) = -y**3 - 18*y**2 - 46*y - 35. What is the units digit of o(-17)?
8
Let w be (-3)/((-6)/(-3)*2/(-4)). Suppose 73 = 3*k + 7*t - 3*t, -w*k = 2*t - 77. What is the tens digit of k?
2
Let q(g) = 19*g**2 - 7*g + 7. Let y be q(4). Suppose -6*o + a = -o - y, 0 = 5*o - 3*a - 279. What is the units digit of o?
7
Suppose r - 2*n - 1709 = 0, -5345 = -3*r - 4*n - 188. What is the units digit of r?
5
Suppose -10*n - 23*n + 27918 = 0. What is the tens digit of n?
4
Let o = -4836 - -7405. What is the tens digit of o?
6
Let l(t) = 2*t**2 + t. Let y be l(0). Suppose a - z = 60, 2*a + z - 4*z - 117 = y. What is the tens digit of a?
6
Let u(l) = -l**2 - 21*l - 34. Let s be u(-19). Suppose 5*q = -s*f + 352, 0*f + f = 3*q - 201. What is the units digit of q?
8
What is the units digit of (-16)/3*6345/(-30)?
8
Let g(j) = -j**3 + 13*j**2 + 31*j - 9. Let y be g(15). Suppose r + y*t = 3*t + 173, 3*r + 5*t = 511. What is the units digit of r?
7
Let y(v) = -v**3 - 11*v**2 + 2*v + 16. Let n be y(-11). What is the units digit of 58 - (-2 - n - 2)?
6
Let b(l) = -3*l**2 - 7*l + 10. Let y(h) = -7*h**2 - 14*h + 20. Let o(j) = 9*b(j) - 4*y(j). Let m be o(7). What is the units digit of (4 - -1)/(5/m)?
0
Suppose -u - m + 441 = 0, 5*u - 4*m = -380 + 2612. What is the units digit of u?
4
Let a(m) = m - 18. Let g be a(19). Let o(q) = 34*q**2 - 2 - 36*q**2 - g + 2*q - q**3. What is the units digit of o(-5)?
2
Suppose -5*a + 78 = 13. Suppose -3*j - 7 = 2*g + 2*g, -3*j = -g - a. Suppose j*h - 132 = -3*h. What is the tens digit of h?
2
Let q(z) be the second derivative of -2*z**3/3 + 19*z**2/2 + 11*z. Let x be q(-13). Let l = -7 + x. What is the units digit of l?
4
Let z = -1771 + 2294. What is the hundreds digit of z?
5
Suppose m + 4*x + 5 = 0, 8*x = -2*m + 4*x + 10. Let s(w) = 8*w - 1. Let i be s(-1). Let z = m + i. What is the units digit of z?
6
Let t = 174 + -159. What is the tens digit of (-65)/t*-6 - 4?
2
Let g be (-14)/(-49) - 40/(-7). Let m be g/(-5)*(-30)/9. Suppose m*n + 44 = 2*z, 4*z - z - 90 = -2*n. What is the units digit of z?
8
Let j(a) = -a + 16. Let i be j(-4). Suppose i*g = 13*g + 420. What is the units digit of g?
0
Let z(q) = -3*q - 20. Let v be z(0). What is the tens digit of (-4)/v*(-740)/(-4)?
3
Let c(b) = 2*b**3 + b**2 + 6. Suppose -k = -5*k + 40. Suppose 0 = k*q - 8*q. What is the units digit of c(q)?
6
Let y = 80 - 111. Let k = y + 78. What is the tens digit of k?
4
Suppose 0 = -4*d + 20, -2*c + 101 = -2*d - 191. What is the hundreds digit of c?
1
Let b be 1/3*8/((-24)/(-603)). What is the tens digit of 1/3 - b*(-10)/15?
4
Let p = 13 - 17. Let y be p/(-3) - (-710)/3. Suppose 2*m + 3*m = -2*n + y, -5*m + 236 = 4*n. What is the units digit of m?
8
Let n be 2/(-6) - (-4110)/(-90). Let y = -49 - -137. Let d = n + y. What is the units digit of d?
2
What is the hundreds digit of (3731/(-21) + 6)/(3/(-9))?
5
Suppose -4*h = v + 21 - 1, 5 = -4*v - h. Suppose -y - 3*y + 84 = 2*d, 3*d + 2*y - 106 = v. What is the units digit of d?
2
Suppose 1039 = 4*b - 5*l, -l + 250 = b - 21. What is the tens digit of b?
6
Let t = -9 + 15. Suppose 23 = -t*o + 107. What is the tens digit of o?
1
Suppose 0 = 3*m - 13 + 22, -4*p + 11400 = -4*m. What is the hundreds digit of p?
8
Let o be (-3)/(-1 + 2/8). Let s = 6 - 1. Suppose 5*c = -s, -o*v + 3*v = -3*c - 4. What is the units digit of v?
1
Let a = 1389 + -545. What is the tens digit of a?
4
Suppose 4*f + s - 36 = 3*s, -3*s - 12 = 0. Let d(q) = 7*q + 2. Let y be d(f). Suppose -2*k - 6*h + y = -3*h, 0 = -5*k - h + 108. What is the tens digit of k?
2
What is the units digit of 0 - (-10870)/15 - (-8)/24?
5
Suppose -3*y + 4061 = -3100. What is the units digit of y?
7
Let v be -2 - (-4 - -3)/1*65. Suppose 220 = i - v. What is the hundreds digit of i?
2
Let w(m) = -38*m**2 - m - 1. Let l be w(1). Let k be (24/10)/(1/30). Let c = l + k. What is the tens digit of c?
3
Suppose 23*v = 26*v - 2910. What is the hundreds digit of v?
9
Let j(r) = -r**3 + 10*r**2 + r + 5. Let k = 12 - 2. What is the tens digit of j(k)?
1
What is the tens digit of 112/(-140)*(-785)/2?
1
Let n(x) = -x + 8. Let r be 0 + 14/(-4)*(2 + -4). What is the units digit of n(r)?
1
Let z(u) = u + 2. Let a be z(1). Let x(c) = -6*c + 3*c**2 - c**3 - 4 + 3*c**3 - c**a - 1. What is the units digit of x(-4)?
3
Suppose 4*w = -13*w + 12682. What is the hundreds digit of w?
7
Let p(x) = 280*x**3 - x. Let j be p(-2). Let u be (-2)/7 - j/42. Suppose 3*s - u = 58. What is the tens digit of s?
3
What is the tens digit of 2068/10 - (-15)/75?
0
What is the hundreds digit of ((-3)/(12/32))/(8/(-2800))?
8
Suppose -3*u - 8 = 4*c, 2*u + c = 2*c + 13. Suppose u*t + 0*z = 5*z + 37, -z = -t + 9. What is the units digit of t?
8
Let u(s) = s**2 - 7*s - 6. Let t be u(6). Let h be (-2 + -16)*t/18. Let n = 18 - h. What is the units digit of n?
6
Suppose -3*h = 2*h - 30. Let i(s) be the third derivative of s**5/60 - s**4/6 + s**3/3 + 3*s**2. What is the units digit of i(h)?
4
What is the units digit of (-343 + 7)/((-1)/2)?
2
Suppose 4*m + 1571 = -2*r + 6589, m - 1241 = 4*r. Suppose -5*t + 2*g = -m, 5*t + 5*g - 976 = t. What is the tens digit of t?
4
Let r be (5/30*3)/((-1)/70). What is the tens digit of 2 + ((-182)/r)/(2/10)?
2
Let a(i) be the first derivative of -19*i**4/4 - 2*i**3 + i**2/2 - i + 6. Let c be a(-3). What is the tens digit of (3/(-1))/((-21)/c)?
6
Let u(p) = -3*p**3 - 11*p**2 - p + 17. Let t(d) = -d**3 - d**2 - d. Let a(n) = -2*t(n) + u(n). What is the tens digit of a(-10)?
0
Let k(g) = 53*g**2 - 25*g**2 + 90*g**2 - 2 + g. What is the hundreds digit of k(1)?
1
Suppose -14*w = -6497 + 533. What is the hundreds digit of w?
4
Let r = -6 - -5. Let y be ((-90)/(-6))/(2 + r). Suppose k - 5 = y. What is the units digit of k?
0
Suppose -37*x + 60 = -41*x. Let j(y) = y**3 + 14*y**2 - 26*y - 14. What is the units digit of j(x)?
1
Let h be (-6)/(-27) - 5*4/90. Let t = 31 + h. What is the units digit of t?
1
Suppose -23 = -5*y + 2. Suppose -2*w + l = -60, 3*w - 90 = y*l - 3*l. What is the tens digit of w?
3
What is the tens digit of 1058 - 2/1*-2?
6
Suppose 0 = j - 5*j + 2*o - 42, -4*o = -12. Let d(m) = -m - 15. Let t be d(15). Let n = j - t. What is the tens digit of n?
2
Let p(i) = -i**2 - 8*i + 25. Let h be p(-11). Let o(x) = -4*x - 19. What is the units digit of o(h)?
3
Suppose -5*w = -3*h + 205, -h + 5 = w - 74. Let z be (-4)/(-5) - (-15)/h. What is the tens digit of (1/(-1))/(z/(-21))?
2
Suppose 28371 + 11902 = 23*q. What is the thousands digit of q?
1
What is the hundreds digit of -2*7/(-28)*3846?
9
Suppose -1504 = u - 5*u + 4*z, u + 4*z = 371. What is the units digit of u?
5
Let g(b) be the second derivative of b**4/6 + 2*b**3/3 - b**2/2 + 5*b. Let s be g(-2). What is the units digit of 14 + 1 + (-4)/s?
9
Suppose 3*d + 59 + 127 = 0. Let k = 93 + d. What is the tens digit of k?
3
Let n be 1 + (112 - (-4 + 3)). Let x = n - 43. What is the tens digit of x?
7
Suppose 2*s - 2*v = 8, -s + 10 = -0*s + 5*v. Suppose q = -s*q + 246. What is the tens digit of q?
4
Suppose 6*u + 11*u - 33524 = 0. What is the tens digit of u?
7
Suppose 5*r - 1293 = -3*j, -4*j = -29*r + 27*r - 1724. What is the tens digit of j?
3
Suppose 5*m - 1750 = -2*l, -4*l - 374 - 302 = -2*m. What is the units digit of m?
8
Suppose 18*w 